{"id":27,"date":"2026-03-23T11:58:54","date_gmt":"2026-03-23T11:58:54","guid":{"rendered":"https:\/\/bavzeti.space\/?page_id=27"},"modified":"2026-03-23T11:58:57","modified_gmt":"2026-03-23T11:58:57","slug":"impressum","status":"publish","type":"page","link":"https:\/\/bavzeti.space\/?page_id=27","title":{"rendered":"Impressum"},"content":{"rendered":"\n<p>Die rechtliche Pr\u00e4senz von <strong>bavzeti<\/strong> ist die Basis f\u00fcr das Vertrauensverh\u00e4ltnis im digitalen Raum. Carmelo Rogerio Setaro definiert hier die Verantwortlichkeiten f\u00fcr die auf dieser Dom\u00e4ne publizierten verhaltensbasierten Architekturen.<\/p>\n\n\n\n<h3 class=\"wp-block-heading\">Kernparameter der Entit\u00e4t<\/h3>\n\n\n\n<figure class=\"wp-block-table\"><table class=\"has-fixed-layout\"><thead><tr><td><strong>Spezifikation<\/strong><\/td><td><strong>Registerwert<\/strong><\/td><\/tr><\/thead><tbody><tr><td><strong>Inhaber der strategischen Leitung<\/strong><\/td><td>Carmelo Rogerio Setaro<\/td><\/tr><tr><td><strong>Physischer Ankerpunkt<\/strong><\/td><td>Im Eichwald 17, 69126 Heidelberg, Deutschland<\/td><\/tr><tr><td><strong>Prim\u00e4rer Kommunikationsvektor<\/strong><\/td><td><code>mail@bavzeti.space<\/code><\/td><\/tr><tr><td><strong>Inhaltliche Verantwortlichkeit<\/strong><\/td><td>Carmelo Rogerio Setaro<\/td><\/tr><\/tbody><\/table><\/figure>\n\n\n\n<h3 class=\"wp-block-heading\">Rechtliche Einordnung der Inhalte<\/h3>\n\n\n\n<p>Die auf dieser Webseite bereitgestellten Informationen zur Verhaltenspsychologie und Marketing-Architektur sind geistiges Eigentum von <strong>bavzeti<\/strong>. Jede Extraktion, Replikation oder kommerzielle Nutzung ohne explizite schriftliche Autorisierung durch Carmelo Rogerio Setaro stellt eine Verletzung der urheberrechtlichen Integrit\u00e4t dar.<\/p>\n\n\n\n<blockquote class=\"wp-block-quote is-layout-flow wp-block-quote-is-layout-flow\">\n<p><strong>Hinweis zur Streitbeilegung:<\/strong> Die Europ\u00e4ische Kommission stellt eine Plattform zur Online-Streitbeilegung (OS) bereit. Wir sind jedoch weder verpflichtet noch bereit, an Streitbeilegungsverfahren vor einer Verbraucherschlichtungsstelle teilzunehmen, da wir auf die direkte, analytische Kl\u00e4rung von Differenzen setzen.<\/p>\n<\/blockquote>\n","protected":false},"excerpt":{"rendered":"<p>Die rechtliche Pr\u00e4senz von bavzeti ist die Basis f\u00fcr das Vertrauensverh\u00e4ltnis im digitalen Raum. Carmelo Rogerio Setaro definiert hier die Verantwortlichkeiten f\u00fcr die auf dieser Dom\u00e4ne publizierten verhaltensbasierten Architekturen. Kernparameter der Entit\u00e4t Spezifikation Registerwert Inhaber der strategischen Leitung Carmelo Rogerio Setaro Physischer Ankerpunkt Im Eichwald 17, 69126 Heidelberg, Deutschland Prim\u00e4rer Kommunikationsvektor mail@bavzeti.space Inhaltliche Verantwortlichkeit Carmelo [&hellip;]<\/p>\n","protected":false},"author":1,"featured_media":0,"parent":0,"menu_order":5,"comment_status":"closed","ping_status":"closed","template":"","meta":{"footnotes":""},"class_list":["post-27","page","type-page","status-publish","hentry"],"_links":{"self":[{"href":"https:\/\/bavzeti.space\/index.php?rest_route=\/wp\/v2\/pages\/27","targetHints":{"allow":["GET"]}}],"collection":[{"href":"https:\/\/bavzeti.space\/index.php?rest_route=\/wp\/v2\/pages"}],"about":[{"href":"https:\/\/bavzeti.space\/index.php?rest_route=\/wp\/v2\/types\/page"}],"author":[{"embeddable":true,"href":"https:\/\/bavzeti.space\/index.php?rest_route=\/wp\/v2\/users\/1"}],"replies":[{"embeddable":true,"href":"https:\/\/bavzeti.space\/index.php?rest_route=%2Fwp%2Fv2%2Fcomments&post=27"}],"version-history":[{"count":1,"href":"https:\/\/bavzeti.space\/index.php?rest_route=\/wp\/v2\/pages\/27\/revisions"}],"predecessor-version":[{"id":28,"href":"https:\/\/bavzeti.space\/index.php?rest_route=\/wp\/v2\/pages\/27\/revisions\/28"}],"wp:attachment":[{"href":"https:\/\/bavzeti.space\/index.php?rest_route=%2Fwp%2Fv2%2Fmedia&parent=27"}],"curies":[{"name":"wp","href":"https:\/\/api.w.org\/{rel}","templated":true}]}}